he prime factors of 34793.
11, 3163
List the prime factors of 185.
5, 37
List the prime factors of 27787.
37, 751
List the prime factors of 12926.
2, 23, 281
What are the prime factors of 7860?
2, 3, 5, 131
What are the prime factors of 43948?
2, 10987
List the prime factors of 9507.
3, 3169
List the prime factors of 39291.
3, 7, 1871
List the prime factors of 7.
7
List the prime factors of 1044.
2, 3, 29
What are the prime factors of 79434?
2, 3, 1471
What are the prime factors of 4857?
3, 1619
What are the prime factors of 4032?
2, 3, 7
List the prime factors of 131287.
13, 10099
List the prime factors of 2017.
2017
List the prime factors of 42760.
2, 5, 1069
List the prime factors of 3116.
2, 19, 41
List the prime factors of 13233.
3, 11, 401
List the prime factors of 12913.
37, 349
What are the prime factors of 55?
5, 11
What are the prime factors of 4630?
2, 5, 463
What are the prime factors of 338?
2, 13
List the prime factors of 21971.
127, 173
What are the prime factors of 916?
2, 229
What are the prime factors of 4529?
7, 647
List the prime factors of 43188.
2, 3, 59, 61
What are the prime factors of 7622?
2, 37, 103
List the prime factors of 876.
2, 3, 73
List the prime factors of 124442.
2, 43, 1447
What are the prime factors of 2287?
2287
List the prime factors of 2368.
2, 37
What are the prime factors of 34008?
2, 3, 13, 109
What are the prime factors of 3038?
2, 7, 31
List the prime factors of 1730.
2, 5, 173
What are the prime factors of 1724?
2, 431
List the prime factors of 12010.
2, 5, 1201
What are the prime factors of 4101?
3, 1367
What are the prime factors of 1376?
2, 43
What are the prime factors of 4139?
4139
What are the prime factors of 469?
7, 67
List the prime factors of 1897.
7, 271
List the prime factors of 13297.
13297
What are the prime factors of 34042?
2, 17021
List the prime factors of 992.
2, 31
What are the prime factors of 1141?
7, 163
List the prime factors of 61318.
2, 23, 31, 43
What are the prime factors of 182?
2, 7, 13
What are the prime factors of 703?
19, 37
List the prime factors of 1656.
2, 3, 23
What are the prime factors of 116?
2, 29
List the prime factors of 1973.
1973
List the prime factors of 4841.
47, 103
List the prime factors of 3903.
3, 1301
What are the prime factors of 124079?
127, 977
What are the prime factors of 26006?
2, 13003
List the prime factors of 448.
2, 7
What are the prime factors of 642?
2, 3, 107
List the prime factors of 1384.
2, 173
List the prime factors of 1006.
2, 503
List the prime factors of 5844.
2, 3, 487
List the prime factors of 6135.
3, 5, 409
What are the prime factors of 9463?
9463
List the prime factors of 2704.
2, 13
What are the prime factors of 36318?
2, 3, 6053
What are the prime factors of 1408?
2, 11
What are the prime factors of 813?
3, 271
What are the prime factors of 11104?
2, 347
List the prime factors of 391.
17, 23
What are the prime factors of 377?
13, 29
What are the prime factors of 1252?
2, 313
List the prime factors of 1320.
2, 3, 5, 11
List the prime factors of 95151.
3, 7, 23, 197
What are the prime factors of 67808?
2, 13, 163
What are the prime factors of 1158?
2, 3, 193
List the prime factors of 30923.
17, 107
List the prime factors of 6434.
2, 3217
List the prime factors of 143400.
2, 3, 5, 239
List the prime factors of 30414.
2, 3, 37, 137
List the prime factors of 100383.
3, 33461
What are the prime factors of 137150?
2, 5, 13, 211
List the prime factors of 21446.
2, 10723
List the prime factors of 48079.
48079
What are the prime factors of 1006?
2, 503
List the prime factors of 3901.
47, 83
List the prime factors of 65728.
2, 13, 79
List the prime factors of 1936.
2, 11
What are the prime factors of 18100?
2, 5, 181
What are the prime factors of 21248?
2, 83
List the prime factors of 2504.
2, 313
List the prime factors of 8663.
8663
What are the prime factors of 899?
29, 31
List the prime factors of 684.
2, 3, 19
What are the prime factors of 270?
2, 3, 5
What are the prime factors of 5969?
47, 127
What are the prime factors of 3715?
5, 743
List the prime factors of 2503.
2503
What are the prime factors of 12464?
2, 19, 41
What are the prime factors of 79497?
3, 11, 73
List the prime factors of 13164.
2, 3, 1097
What are the prime factors of 3270?
2, 3, 5, 109
List the prime factors of 17090.
2, 5, 1709
List the prime factors of 19027.
53, 359
What are the prime factors of 545?
5, 109
List the prime factors of 48137.
37, 1301
List the prime factors of 936.
2, 3, 13
What are the prime factors of 2829?
3, 23, 41
List the prime factors of 17286.
2, 3, 43, 67
What are the prime factors of 6785?
5, 23, 59
List the prime factors of 754.
2, 13, 29
What are the prime factors of 134?
2, 67
List the prime factors of 579.
3, 193
What are the prime factors of 85?
5, 17
What are the prime factors of 6327?
3, 19, 37
List the prime factors of 1120.
2, 5, 7
What are the prime factors of 21461?
11, 1951
What are the prime factors of 90130?
2, 5, 9013
List the prime factors of 14672.
2, 7, 131
List the prime factors of 36655.
5, 7331
What are the prime factors of 117796?
2, 7, 601
List the prime factors of 53790.
2, 3, 5, 11, 163
List the prime factors of 9783.
3, 1087
List the prime factors of 999.
3, 37
What are the prime factors of 644?
2, 7, 23
List the prime factors of 6970.
2, 5, 17, 41
What are the prime factors of 21670?
2, 5, 11, 197
List the prime factors of 633.
3, 211
What are the prime factors of 2338?
2, 7, 167
List the prime factors of 1993.
1993
What are the prime factors of 6991?
6991
What are the prime factors of 36375?
3, 5, 97
What are the prime factors of 11319?
3, 7, 11
List the prime factors of 2403.
3, 89
List the prime factors of 1277.
1277
What are the prime factors of 4887?
3, 181
What are the prime factors of 1452?
2, 3, 11
What are the prime factors of 40009?
40009
What are the prime factors of 20823?
3, 11, 631
List the prime factors of 12616.
2, 19, 83
What are the prime factors of 31618?
2, 15809
What are the prime factors of 1164?
2, 3, 97
What are the prime factors of 4706?
2, 13, 181
What are the prime factors of 345?
3, 5, 23
List the prime factors of 2256.
2, 3, 47
List the prime factors of 123202.
2, 229, 269
What are the prime factors of 3004?
2, 751
List the prime factors of 684.
2, 3, 19
What are the prime factors of 3178?
2, 7, 227
List the prime factors of 19766.
2, 9883
List the prime factors of 3415.
5, 683
List the prime factors of 12740.
2, 5, 7, 13
List the prime factors of 37277.
37277
What are the prime factors of 136881?
3, 67, 227
What are the prime factors of 5113?
5113
List the prime factors of 13051.
31, 421
List the prime factors of 46.
2, 23
What are the prime factors of 1355?
5, 271
List the prime factors of 18648.
2, 3, 7, 37
List the prime factors of 344.
2, 43
List the prime factors of 13814.
2, 6907
List the prime factors of 91297.
91297
List the prime factors of 23515.
5, 4703
What are the prime factors of 3506?
2, 1753
List the prime factors of 20347.
20347
List the prime factors of 2107.
7, 43
What are the prime factors of 9455?
5, 31, 61
What are the prime factors of 781?
11, 71
What are the prime factors of 56195?
5, 11239
What are the prime factors of 27204?
2, 3, 2267
What are the prime factors of 6704?
2, 419
What are the prime factors of 4719?
3, 11, 13
List the prime factors of 577.
577
What are the prime factors of 11362?
2, 13, 19, 23
What are the prime factors of 89717?
73, 1229
List the prime factors of 9446.
2, 4723
List the prime factors of 1544.
2, 193
List the prime factors of 1500.
2, 3, 5
What are the prime factors of 44289?
3, 7, 19, 37
What are the prime factors of 70972?
2, 11, 1613
What are the prime factors of 956?
2, 239
What are the prime factors of 48523?
48523
What are the prime factors of 107?
107
List the prime factors of 960.
2, 3, 5
List the prime factors of 7246.
2, 3623
What are the prime factors of 2820?
2, 3, 5, 47
List the prime factors of 133774.
2, 211, 317
List the prime factors of 4703.
4703
List the prime factors of 1595.
5, 11, 29
What are the prime factors of 2558?
2, 1279
List the prime factors of 14870.
2, 5, 1487
What are the prime factors of 1210?
2, 5, 11
List the prime factors of 960.
2, 3, 5
List the prime factors of 5432.
2, 7, 9